 0 + (0 - 5) + 8?
5
Calculate (-3 - -8 - -2) + (-9 - -7).
5
-4 - (-8 - (2 + -8))
-2
Evaluate -4 - (-3 - 10 - -5).
4
Calculate 1 + 0 - (2 + (-4 - -3)).
0
Calculate -5 - (-2 + 6 + -4).
-5
What is (15 - (29 + -15)) + (0 - 0)?
1
Calculate (0 - -11) + -126 + 108.
-7
(10 - 0) + -9 + 2
3
What is -3 + -2 - 1 - -4?
-2
What is the value of -3 + (-4 - -4) + 6 + 0?
3
What is 0 - (3 + (0 - 0))?
-3
Calculate 0 - -2 - (-4 - (-12 - -7)).
1
What is the value of 10 - (7 - 8) - 6 - 2?
3
(3 - -9) + (-40 - -32)
4
Evaluate 3 + -4 + 11 + -3.
7
Evaluate 2 + -5 + (6 - 6).
-3
What is the value of -2 + -5 + 5 - -1?
-1
What is -1 - (-8 - 0 - (2 - 4))?
5
Calculate (-41 - -34) + (6 - 2) + 2.
-1
What is the value of 4 - 0 - 3 - 0?
1
Evaluate (1 + 3 - -3) + -3 + 0.
4
What is 10 + (-3 - 0) - (-9 - -23)?
-7
What is -4 + 0 + 6 + 1?
3
What is the value of 2 + (-4 - (1 + -5 + 2))?
0
What is the value of (-13 + 11 - -1) + 0 + 1?
0
0 + -3 + (2 - 0) + -2
-3
What is (-1 + 0 - (-3 + -1)) + -5?
-2
What is 1 + -1 - (4 - 2)?
-2
What is the value of (5 - 9) + (2 - -6)?
4
Evaluate 3 + -5 - (-1 + 3 + -1).
-3
What is the value of -3 - (-11 + 6 + 5)?
-3
-8 - -7 - 1 - 1
-3
What is the value of 7 + -5 + -2 - (6 - -2)?
-8
Calculate -7 + (6 - 0 - -3).
2
0 + (1 - (5 - 6))
2
0 - (1 - 4 - 1 - 0)
4
Evaluate 3 + -11 + 11 - (1 - -3).
-1
-13 - ((3 - 0) + (2 - 11))
-7
What is (4 + -4 - -3) + -1?
2
Evaluate 5 + 5 - 6 - 9.
-5
Evaluate (-2 - -6) + 10 + -9.
5
What is -4 - (1 - 4) - 4?
-5
Calculate -3 + 4 + (2 - (2 - 1)).
2
What is the value of (-3 - -3 - 0) + 1 - 5?
-4
Evaluate -4 + -1 + -3 + 14 + -7.
-1
What is the value of 2 - (-2 + 9 + -3)?
-2
What is the value of (1 - 3) + 5 + -3 + 1?
1
Calculate 1 - (-2 + (4 - -1 - 4)).
2
Evaluate 6 + -20 - -8 - (-2 - 0).
-4
Calculate -3 + -3 - -2 - -3.
-1
Calculate (2 - -2) + -2 + 3 + -7.
-2
What is the value of -6 - (1 - 3 - (2 + 0))?
-2
What is 5 + -1 + (-5 - (1 + -4))?
2
What is (0 - 0) + (142 - 146)?
-4
What is the value of -19 + -10 + 32 + -8?
-5
What is (-2 - 5 - -2) + -1?
-6
What is the value of -4 - (-2 - 4) - 0?
2
What is the value of -1 - (-1 + -1 + (7 - 8))?
2
(-1 - 6) + 11 + 1
5
Calculate 9 + -1 + 53 + -56.
5
-1 + 4 + -4 - -3 - -2
4
What is -14 - -11 - (-6 - -1)?
2
What is the value of 3 + (-2 - (-4 - -3))?
2
What is the value of -4 + (-1 - -3) - (3 + -2)?
-3
2 + (-9 - 3) + 6
-4
Evaluate (-12 - 3 - -11) + 5.
1
Evaluate (23 + -12 - -5) + -8.
8
What is the value of (-3 - -2) + -2 - (-23 + 16)?
4
What is (9 - (4 + 0) - 1) + -3?
1
Evaluate 0 + (2 - -2) + (-11 - -4).
-3
What is (28 - 31) + 9 + 1?
7
What is -2 - 12 - (-11 + 6 - 3)?
-6
What is 5 - (-1 - -6) - -1?
1
Calculate 6 + -17 + 3 - -10.
2
3 + -7 + 5 - -2
3
Calculate 1 + -3 - (-32 - -37).
-7
Calculate -1 - (-4 + (5 - -1)).
-3
What is the value of ((4 - 2) + 1 - -1) + -1?
3
Evaluate 75 + -77 - (0 - 7).
5
What is 7 + 11 - 11 - (3 + -1)?
5
Evaluate 3 + -2 + (0 - (-5 + 3)).
3
What is -7 + 17 - 7 - (-5 + 1)?
7
What is the value of (-3 - -1) + 89 + -93?
-6
Calculate -10 + -15 + 18 + (2 - 3).
-8
2 - 0 - 2 - (9 + -5)
-4
-9 + (7 - -7) - (-1 - -1)
5
Evaluate (0 + 0 - -7) + -21 + 20.
6
Calculate 4 - (-6 + 12 - -3).
-5
What is 5 - (2 - 2 - -1 - -3)?
1
What is the value of -7 - (-10 - (-6 - -3))?
0
Calculate (11 - -1) + -176 + 173.
9
What is the value of -3 - 0 - (-20 - -15)?
2
4 + (-5 - 2) + 4
1
Calculate 7 + -1 + -7 + 0.
-1
What is the value of 3 - (1 + -9 + 13)?
-2
16 + -9 + -2 - (0 + 9)
-4
Calculate (-3 - -5) + -1 + (0 - 2).
-1
Evaluate -7 - ((12 - 1 - 4) + -21).
7
Evaluate (-3 - 4) + 6 + (5 - 8).
-4
What is 12 + (-6 - 13 - -9)?
2
Calculate -10 + -4 + -2 - -8.
-8
Calculate -4 + -2 + (-1 - (-2 - -1)).
-6
-1 - ((-1 - -1) + 2 - 3)
0
What is (-3 - (-4 + 7) - 0) + 3?
-3
What is 2 + -8 - -6 - -2?
2
-4 - ((-2 - -2 - 0) + 3)
-7
Evaluate -8 - (-4 + (-1 - -2)).
-5
What is the value of -4 + 1 + -5 + 12?
4
Evaluate -1 - (2 + -4 + 3).
-2
What is the value of 4 + -8 + (2 - 4)?
-6
What is -3 + (-2 - (-9 + 2)) + -1?
1
What is 0 + 4 - (5 + -2)?
1
What is 6 - (0 + 4 - 0) - 1?
1
(-10 - -13) + 15 + -10
8
What is (-1 + 0 - -7) + -12 + 9?
3
Evaluate (-3 - (9 - 6) - -9) + -4.
-1
4 + (-8 - -3) + 1 + 0
0
What is the value of 3 - (4 + 6 + -1) - -8?
2
3 + -2 + -2 + -1 + 2
0
What is -1 + (1 - 5) + 9?
4
What is the value of 9 + -5 + (0 - 0) - 8?
-4
What is the value of 0 + 19 - (55 - 44)?
8
Evaluate 8 + (-15 - -2) - -6.
1
Evaluate 7 + 0 - (-2 - (2 - 6)).
5
-2 + -4 - -4 - 4 - -5
-1
Calculate -49 + 57 - (3 + 2).
3
What is (13 - 9) + (0 - (3 + 5))?
-4
What is the value of 9 - 2 - (-6 + (2 - -6))?
5
Calculate (-11 + 9 - 4) + 10.
4
0 - 4 - -6 - 0
2
Calculate 1 - (10 + (-5 - -2)).
-6
What is the value of 7 - (3 - (-5 - -3))?
2
26 + -5 + 1 + -13
9
Evaluate 3 - (5 + -4 - 5).
7
Evaluate (-7 - -4) + -2 + 1.
-4
What is the value of -8 + (5 - (8 - (4 - -3)))?
-4
-6 + (7 - (4 + -4))
1
What is -1 + 2 + -17 + 14?
-2
Evaluate (24 - 21) + (0 - -1) + -5.
-1
Calculate 1 - 2 - ((-3 - 0) + -1).
3
What is -1 + 12 + -1 + -20?
-10
Evaluate 2 + 4 + (1 - 4).
3
(4 + -7 - -12) + -10
-1
Evaluate -9 + 4 - -12 - 3.
4
(-5 + 3 - (-15 - -1)) + -8
4
0 - 1 - ((-1 - -14) + -14)
0
Calculate 3 + 1 - 4 - -2 - -1.
3
24 + -20 - (2 + 6)
-4
What is 3 + (-11 - -2 - -1)?
-5
(12 - (18 + 4)) + 1
-9
What is the value of 41 + -37 - (-1 + 6)?
-1
Calculate (-8 - -9) + 3 + 0.
4
What is 0 + 3 - (0 - -7)?
-4
-5 + -8 + 3 + 6 - 0
-4
Evaluate -3 - (-3 - (-3 + 3 - 2)).
-2
What is the value of -3 + 6 + 1 + -5?
-1
Evaluate -13 + (-7 + (19 - 4) - 0).
-5
Evaluate -4 + (3 + 0 - 1).
-2
(2 + -7 - -2) + 4 + -1
0
(-5 - 0) + 10 + (2 - -3)
10
Evaluate -31 + 31 + (1 - -2).
3
Evaluate 1 + 6 + 0 + -6.
1
What is 3 - ((0 - -3) + 0) - -4?
4
Evaluate (2 - 0) + -1 + (-8 - -10).
3
Calculate 2 - 8 - 0 - 0.
-6
Evaluate (8 - (-7 + 12)) + 1 + -6.
-2
What is (-7 - -4) + (1 - -3)?
1
What is the value of 0 + -1 - (9 + -13)?
3
Evaluate -2 + (3 + 8 - 4).
5
Evaluate 5 - (7 + -1 - -2).
-3
What is 1 + -2 + -7 + 8?
0
What is the value of -1 + -9 + 11 + (4 - 1)?
4
What is the value of (-35 - -42) + -3 + 0 + -1?
3
What is the value of 0 + (-4 - -3) + 2 + -4?
-3
Evaluate 2 + 16 + (-7 - 2).
9
What is the value of -8 + (-3 + 3 - -1) - -3?
-4
What is the value of 1 + 16 + -3 + -7?
7
(6 - 15) + 22 + -11
2
What is 6 + (-10 - -7) - 7?
-4
Evaluate -5 + 14 + -5 - (-3 + 11).
-4
Calculate 7 + -4 - 0 - 3.
0
-1 + -5 + (23 - 16)
1
Calculate 6 + -5 + 6 + -6.
1
3 - (12 - (5 - 3) - 3)
-4
What is -1 + 7 + -10 - (1 + -3)?
-2
What is the value of 0 + (2 - 2) + (1 - 2)?
-1
4 + -2 - (-10 + 12)
0
Calculate 1 + 0 - (-1 - 4).
6
Calculate 0 + (8 - 2) + -4.
2
What is the value of 1 + 5 - 0 - 7 - -7?
6
Evaluate 0 + -8 - (6 - 2 - 8).
-4
What is -4 + 7 - (7 + 6 + -8)?
-2
What is -2 + 6 - (-8 - -6)?
6
Evaluate 0 - (-8 - (-3 + -13) - 1).
-7
What is (-10 - -4) + (4 - (-13 - -7))?
4
6 + -6 + (10 - 6) + 2
6
What is the value of 4 + -1 + -4 + 3?
2
Evaluate 11 + (-5 - -3) + -9.
0
Calculate 5 + (5 - 14 - -2) + 5.
3
6 + (3 - 8) + (-1 - -5)
5
5 + (4 - (6 + 4 + -8))
7
Calculate (4 + -5 - -6 - 1) + -3.
1
Calculate -6 + 1 + 9 + -7.
-3
Evaluate 4 - (-3 - (0 - (-1 + 3))).
5
Evaluate 0 - (0 - -3 - 1) - -1.
-1
What is (-3 - -2) + -3 + 5 + 0?
1
Calculate -1 + -2 + 10 + -16 - -4.
-5
Calculate 47 + -52 - (2 - 3).
-4
-8 + 0 - (3 + -4 - 0)
-7
-11 + (12 - 1) - -2
2
What is -1 - (2 + -1 + -3 + 4)?
-3
(5 - (-4 - -10)) + -5
-6
What is -4 + (2 - -4) - 6?
-4
What is -6 + (-6 - -3 - -6)?
-3
Evaluate -9 - -7 - ((1 - 0) + -3).
0
What is 4 + -2 + 1 + -4?
-1
What is 6 + 3 + 11 + -22?
-2
Evaluate (2 - -4) + -5 + 0.
1
-7 + 0 + 0 + 4
-3
What is -2 + -5 + (-5 - -15)?
3
(1 - (-2 + 7)) + 17 + -8
5
(-19 - 2) + (-22 - -27) - -8
-8
What is the value of 0 - (-2 + (-3 - -1))?
4
-2 - 1 - (-8 + (6 - 1))
0
Evaluate -7 - (-9 - (2 + (7 - 3))).
8
What is the value of -9 + (6 - (6 - 6))?
-3
1 + 1 + -2 - (-5 + 6)
-1
-2 + 5 + (-4 + -2 - -3)
0
Evaluate -7 - (4 + -8) - 0 - -5.
2
Evaluate (-3 + 0 - -5) + 1 + 1.
4
What is 7 - ((-8 - -4) + 15)?
-4
Calculate -1 + -3 + (15 - 12) + -2.
-3
-2 + 3 + 0 + (-1 - 1)
-1
-4 + -1 + 2 - (-5 + 0)
2
What is -159 - -167 - (11 - 2)?
-1
Calculate -2 - (5 + (6 + -1 - 16)).
4
(-12 - -5 - 4) + 13
2
Calculate -6 - ((5 - -4) + -3 + -12).
0
Evaluate 0 + 3 - (0 - (5 - 2)).
6
6 + -4 + -9 - -5
-2
Calculate 4 + -13 + 6 - (8 - 18).
7
Calculate -3 + (-1 + 1 - 1 - -5).
1
What is 11 - (28 + -8) - -5?